ided by 7.
4
Let w = -195 - -217. Calculate the remainder when 60 is divided by w.
16
What is the remainder when 145 is divided by 99/(-77)*28/(-6)?
1
Let x(l) = l - 3. Let m be x(2). What is the remainder when (-12)/(-8)*m*(-316)/6 is divided by 20?
19
Suppose 3*r = n + 49, 45 = -0*r + 3*r - 3*n. What is the remainder when r is divided by 5?
2
What is the remainder when 36 is divided by 8/(-6)*(-462)/28?
14
Suppose 4*c = -2*s + 3*c + 2, 0 = s - 5*c + 10. Suppose -3*m + 7*m + 3*v = 201, s = -m - 4*v + 34. What is the remainder when m is divided by 11?
10
Calculate the remainder when (2 - (-40)/16)/(6/76) is divided by 12.
9
Suppose 2660 = 35*t + 525. What is the remainder when 1280 is divided by t?
60
Let h(o) = 382 + 8*o - 393 - 3*o. Calculate the remainder when 56 is divided by h(8).
27
Let f(p) = -p**2 - 13*p + 24. Let w(r) = -r - 11. Let q be w(0). Calculate the remainder when f(q) is divided by 26.
20
Let c(u) be the first derivative of 4*u**3/3 + 5*u**2/2 + 4*u + 13. Calculate the remainder when c(-3) is divided by 13.
12
Suppose -2*a + 0*a = q - 21, 4*q - 3*a - 40 = 0. Let t(o) = -o**3 + 12*o**2 + 14*o + 5. What is the remainder when 82 is divided by t(q)?
10
Let c(h) = -8*h - 194. Calculate the remainder when c(-46) is divided by 11.
9
Suppose -5*r + 2*q = -213, -5*r - q = 3*q - 189. Suppose 3*n + 5*s = -r, 4*s - 7 = -23. Let t = n + 23. What is the remainder when 79 is divided by t?
15
Let o = 61 + -27. Suppose 2*c = 3*c - o. Let g = 159 - 150. Calculate the remainder when c is divided by g.
7
Let k be (2*(-2)/12)/((-3)/45). Suppose 4*t - k - 15 = 0, 4*q + t = 45. Calculate the remainder when 14 is divided by q.
4
Let h(a) be the first derivative of 2*a**2 - 23*a - 18. Suppose n + 116 = 6*n + 2*t, 0 = 2*n + t - 46. What is the remainder when n is divided by h(8)?
6
What is the remainder when 10 + 224/(-21) + (-88)/(-6) is divided by 2/((-6)/(-4) + -1)?
2
Suppose 19 = w - 4. Let y = -21 + 29. What is the remainder when w is divided by y?
7
Suppose 4*o - 2*o - 2 = 0. Let f = o + 177. Calculate the remainder when f is divided by 36.
34
Suppose 19 = d - 5*n - 27, 2*d - 125 = -n. What is the remainder when 236 is divided by d?
53
Let n = 69 + -177. Let o = -44 - n. Let p(x) = -x**2 - 13*x + 10. What is the remainder when o is divided by p(-12)?
20
Let j(f) = 7*f**2 - 78*f + 84. What is the remainder when 144 is divided by j(11)?
71
Let l(b) be the first derivative of b**4/2 - b**2/2 - b - 3. Suppose -11*u - 102 = -13*u. What is the remainder when u is divided by l(2)?
12
Let k(p) = 4*p - 5. Suppose -33 = 29*j - 32*j. Let b = 30 - j. Calculate the remainder when b is divided by k(4).
8
Let r = 1 - 0. Suppose -u = -r + 8. Calculate the remainder when 47 is divided by (-1)/7 + (-113)/u.
15
Let d(z) be the second derivative of z**3 + 25*z**2/2 - 9*z. What is the remainder when d(11) is divided by 23?
22
Suppose 4*i + 5*u = 54, -4*i - 2*u + 79 = 31. Calculate the remainder when 164 is divided by i.
10
Suppose -6*t + 54 = 66. Calculate the remainder when (-4)/(-18) - 1695/(-27) is divided by 22*9/(-12)*t/1.
30
Suppose -2*z = -3*z. Suppose z = -2*y - 3*j - 20 + 55, -5*j + 33 = 2*y. Let i(w) = 2*w**2 + 4*w + 1. What is the remainder when y is divided by i(-3)?
5
Let q = 32 - 26. Suppose 2 + q = 2*g. Calculate the remainder when 14 is divided by g.
2
Let r = 36 - 27. Suppose -5*w = 28 - 103. What is the remainder when w is divided by r?
6
Suppose -82 = -4*z + 22. Suppose 6*n - 4*n - z = 0. Suppose -37 + 0 = -v. What is the remainder when v is divided by n?
11
Let a(v) = -22*v - 26. What is the remainder when 107 is divided by a(-3)?
27
Let t be 354/(-9)*(-3)/(-2). Let u = -204 - t. Calculate the remainder when u/(-7) - (-18)/63 is divided by 11.
10
Let c = -5 + 28. What is the remainder when (-2 - (-14)/10) + 2744/40 is divided by c?
22
Let p = -35 + 31. What is the remainder when 28 is divided by p*(-4)/3*3?
12
Let z(w) = 2*w**2 + 41*w + 21. Let u be z(-20). Let k(r) = r**3 + 4*r**2 + r - 4. Let g be k(-4). What is the remainder when 21 + u/((-2)/g) is divided by 14?
11
Suppose 8*l - 5*l + 4*y - 71 = 0, 0 = 3*l - 3*y - 36. Calculate the remainder when 101 is divided by l.
16
Suppose -24*x + 131 = -397. Let q = -24 - 70. Let p = -53 - q. Calculate the remainder when p is divided by x.
19
Let i be (-1)/(-3)*-2*(-81)/6. Suppose 52 = -5*c + i*c. What is the remainder when 20 is divided by c?
7
Suppose 3*n + 5 = -5*f, 2*f + 3 = -3*n - f. Suppose 2*y - 5 - 43 = n. What is the remainder when y is divided by 7?
3
Suppose -21*o + 12 = -18*o. Suppose 5*j - o*j - 14 = 0. Calculate the remainder when 39 is divided by j.
11
Suppose 0 = -2*g - 2*f + 66, 0 = 5*g - f - 3*f - 174. Let k(d) = 2*d**2 - 20*d - 16*d - 3*d**2 + 17*d - 58. What is the remainder when g is divided by k(-14)?
10
Suppose -3*z - 32 = -80. Suppose n = -3*n + 180. Calculate the remainder when n is divided by z.
13
Suppose -3*m + 134 = 4*g, 3*g - 3 = 3. What is the remainder when 81 is divided by m?
39
Let a(z) = z**2 + 5*z - 23. Let r be a(-8). What is the remainder when r + 374/10 + 3/5 is divided by 8?
7
What is the remainder when 221 is divided by 1/(7/(-3150)*-10)?
41
Let r be 1/(-1*(-4)/4). Let x = 56 + r. Calculate the remainder when 225 is divided by x.
54
Suppose -28*p - 8 = -32*p. Suppose 0 = 3*w - 0*w - 36. Suppose 5*t - w = 3*t. What is the remainder when t is divided by p?
0
Let c(t) = -t**3 - 7*t**2 + 2*t - 5. Let v be c(-6). Let u = v - -80. Calculate the remainder when 92 is divided by u.
11
Suppose -1846 = -95*q + 69*q. Calculate the remainder when 125 is divided by q.
54
Suppose 52 + 36 = 4*t - 4*f, t - 3*f - 32 = 0. Let z(k) = -k + 115. Calculate the remainder when z(-3) is divided by t.
16
Let i = 6 + 57. Suppose 0 = 4*y - 41 - 23. What is the remainder when i is divided by y?
15
Suppose j - 1 - 10 = 0. Calculate the remainder when 87 is divided by j.
10
Suppose 2*v = 20 - 4. Suppose 25 = -2*a + 37. Suppose b - a*b - 55 = -5*t, 4*t + 4*b = 4. What is the remainder when v is divided by t?
2
Suppose -o - 4*o - 30 = -2*l, l + 2*o + 3 = 0. Suppose -s + 16 = -2*m, -l*s = m + 13 - 49. Calculate the remainder when 22 is divided by s.
6
Suppose 0 = 4*w - 4*c - 0*c - 1844, -3*c = 4*w - 1830. Suppose -w = -x - 2*x. Calculate the remainder when x is divided by 31.
29
Let a be (-2)/1 + 6 + -3. Suppose -3*t = -d + 7, 0*d - d - t - a = 0. Suppose d - 136 = -3*u. Calculate the remainder when u is divided by 12.
9
Suppose 3*k = -4*p + 4*k + 87, -51 = -2*p - k. Let d = p - 14. What is the remainder when 14 is divided by d?
5
Suppose f + 7 - 3 = 0, -5*b = 3*f - 108. Calculate the remainder when 89 is divided by b.
17
What is the remainder when 289*(-2)/(-6) + 6/9 is divided by 51?
46
Let n(d) = d**3 + 7*d. Let v be n(3). Let f = -101 + v. Calculate the remainder when (-28)/(-70) + f/(-5) is divided by 6.
5
Let w = 60 + -1. Suppose 0 = 4*l + s + 15, 5*s = 3*l + s + 35. Let p(b) = -3*b + 6. Calculate the remainder when w is divided by p(l).
17
Let k(m) = 11*m - 6. Let l be k(3). Let h = 61 - l. Suppose -4*i - 2 = -h. Calculate the remainder when i is divided by 3.
2
Let f = 748 + -696. Calculate the remainder when f is divided by 48.
4
Suppose -6*s + 74 + 34 = 0. What is the remainder when 105 is divided by s?
15
Suppose 326 - 1262 = -13*j. What is the remainder when j is divided by 26?
20
Let p(f) = 23*f**3 - 4*f**2 - 15*f - 3. Let s(b) = -6*b**3 + b**2 + 4*b + 1. Let x(m) = 2*p(m) + 9*s(m). What is the remainder when x(-2) is divided by 12?
11
Let y(p) be the first derivative of p**3/3 - 9*p**2/2 + 19*p + 9. What is the remainder when 21 is divided by y(8)?
10
Let n = -1 + 1. Suppose -i = -45 - n. What is the remainder when i is divided by 12?
9
Let u(n) = 3*n**2 - 22*n + 76. Calculate the remainder when u(11) is divided by 22.
21
Suppose -11*k = -3*c - 14*k + 1689, 2264 = 4*c + k. What is the remainder when c is divided by 26?
21
Suppose -15 = -2*m - 0*m - 3*q, q - 19 = -3*m. Let p be (m/1)/((-4)/(-10)). Suppose 2*z - 71 = p. Calculate the remainder when z is divided by 22.
21
Let n be (-5)/(((-2)/(-4))/((-4)/8)). Suppose -3*s = -5*j - 615, n*s + 2*j - 545 - 449 = 0. What is the remainder when s is divided by 29?
26
Calculate the remainder when 208 is divided by (18/8 - 1) + 2898/56.
49